26 divide 13736034?
True
Is 1180891 a multiple of 139?
False
Is 12448524 a multiple of 194?
False
Is 838585 a multiple of 9?
False
Does 172 divide 658588?
True
Is 279 a factor of 5142807?
True
Is 36360 a multiple of 10?
True
Is 985880 a multiple of 5?
True
Is 143 a factor of 2245064?
False
Is 34 a factor of 305609?
False
Is 143 a factor of 117975?
True
Is 50520 a multiple of 20?
True
Is 2341492 a multiple of 1249?
False
Is 21 a factor of 136521?
True
Is 118 a factor of 3214254?
False
Does 10 divide 64862?
False
Does 12 divide 480204?
True
Does 5 divide 300565?
True
Is 6966400 a multiple of 80?
True
Is 909321 a multiple of 92?
False
Is 9 a factor of 1274775?
False
Is 1622595 a multiple of 13?
True
Is 99 a factor of 254822?
False
Does 41 divide 6862591?
False
Does 21 divide 22655900?
False
Is 1051014 a multiple of 6?
True
Is 495207 a multiple of 10?
False
Is 1121336 a multiple of 706?
False
Is 207094 even?
True
Is 131 a factor of 3457564?
False
Is 114432 a multiple of 8?
True
Is 1296878 a multiple of 242?
True
Is 59000 a multiple of 76?
False
Is 10 a factor of 1098351?
False
Is 315810 a multiple of 33?
True
Is 7 a factor of 3941168?
True
Is 126434 a multiple of 76?
False
Is 929571 a multiple of 13?
False
Is 10 a factor of 2666750?
True
Is 815 a factor of 3445790?
False
Is 247 a factor of 3428806?
False
Is 872935 a multiple of 509?
True
Is 396 a factor of 3027420?
True
Is 10 a factor of 258160?
True
Is 1633 a factor of 4514879?
False
Does 90 divide 990866?
False
Is 5871616 a multiple of 16?
True
Is 55 a factor of 5009290?
True
Does 7 divide 28842?
False
Is 361 a factor of 362445?
False
Is 2733633 a multiple of 63?
True
Does 117 divide 68520?
False
Is 2588964 a multiple of 21?
True
Is 24 a factor of 130848?
True
Does 772 divide 264822?
False
Does 13 divide 3757728?
True
Is 5 a factor of 2556391?
False
Is 5886342 a multiple of 1386?
True
Does 19 divide 2809126?
False
Is 6400326 a multiple of 88?
False
Is 723779 a multiple of 10?
False
Is 21 a factor of 371973?
True
Is 387218 even?
True
Is 132449 a multiple of 29?
False
Does 496 divide 145750?
False
Is 111264 a multiple of 244?
True
Does 88 divide 2796672?
False
Is 197604 a multiple of 44?
True
Is 115 a factor of 33580?
True
Is 2810717 a multiple of 7?
True
Is 1136125 a multiple of 277?
False
Is 12 a factor of 17843261?
False
Does 51 divide 98124?
True
Does 110 divide 1140040?
True
Does 382 divide 2060890?
True
Is 79785 a multiple of 45?
True
Does 5 divide 24935?
True
Is 16 a factor of 8709781?
False
Is 451657 a multiple of 37?
False
Is 103190 a multiple of 10?
True
Is 26488 a multiple of 103?
False
Is 282 a factor of 557279?
False
Is 3042003 a multiple of 23?
True
Is 515975 a multiple of 35?
False
Is 649333 a multiple of 13?
False
Is 6 a factor of 525234?
True
Is 8 a factor of 19846896?
True
Does 70 divide 7024570?
True
Does 93 divide 263957?
False
Does 53 divide 66022?
False
Is 2001095 a multiple of 89?
False
Is 2924420 a multiple of 20?
True
Is 88 a factor of 169452?
False
Is 88754 a multiple of 223?
True
Is 196 a factor of 52316?
False
Is 516 a factor of 2265756?
True
Is 217864 a multiple of 50?
False
Is 12 a factor of 7563?
False
Does 17 divide 13316?
False
Does 5 divide 142850?
True
Does 193 divide 793423?
True
Is 131 a factor of 909926?
True
Does 179 divide 1027818?
True
Is 155243 a multiple of 261?
False
Is 148403 a multiple of 462?
False
Is 68 a factor of 58528?
False
Does 32 divide 2324531?
False
Does 14 divide 257780?
False
Is 10397380 a multiple of 20?
True
Does 11 divide 364185?
False
Is 33 a factor of 6058998?
True
Does 81 divide 59788?
False
Does 22 divide 144124?
False
Is 100640 a multiple of 170?
True
Does 491 divide 354757?
False
Does 6 divide 99392?
False
Is 69 a factor of 263511?
True
Is 333722 a multiple of 16?
False
Does 8 divide 113952?
True
Does 10 divide 2995?
False
Is 4145 a multiple of 3?
False
Is 8132528 a multiple of 58?
True
Is 27 a factor of 135999?
True
Is 1361200 a multiple of 16?
True
Is 147999 a multiple of 9?
False
Is 3153437 a multiple of 331?
True
Does 36 divide 56664?
True
Is 37 a factor of 100180?
False
Is 137249 a multiple of 22?
False
Does 11 divide 115555?
True
Is 20139 a multiple of 49?
True
Is 29 a factor of 139648?
False
Is 62780 a multiple of 36?
False
Does 163 divide 22553316?
False
Is 16 a factor of 1054027?
False
Is 28 a factor of 1760472?
True
Is 6 a factor of 7163544?
True
Is 516 a factor of 4338012?
True
Is 262252 a multiple of 35?
False
Does 5 divide 6368?
False
Is 97 a factor of 4065255?
False
Is 40 a factor of 7006800?
True
Is 269060 a multiple of 86?
False
Is 2260680 a multiple of 10?
True
Does 20 divide 2641884?
False
Is 5844560 a multiple of 40?
True
Is 18 a factor of 264330?
True
Does 352 divide 733294?
False
Is 8595505 a multiple of 865?
True
Is 10 a factor of 209652?
False
Is 210588 a multiple of 69?
True
Is 252 a factor of 648648?
True
Does 40 divide 566800?
True
Is 402539 a multiple of 61?
True
Is 37556 a multiple of 8?
False
Does 8 divide 1363256?
True
Does 55 divide 1212145?
True
Is 107606 a multiple of 14?
False
Does 71 divide 281231?
True
Is 178560 a multiple of 576?
True
Is 20 a factor of 759287?
False
Does 65 divide 1829880?
True
Does 908 divide 1367448?
True
Is 12808031 a multiple of 37?
True
Is 3163972 a multiple of 782?
True
Is 65 a factor of 1372263?
False
Is 1878228 a multiple of 93?
True
Is 21 a factor of 290050?
False
Is 778 a factor of 936712?
True
Is 6 a factor of 685178?
False
Is 3611684 a multiple of 12?
False
Does 104 divide 33015?
False
Does 7 divide 2042426?
False
Is 150984 a multiple of 444?
False
Is 7426394 a multiple of 21?
False
Is 679081 a multiple of 13?
True
Does 3 divide 4346?
False
Does 49 divide 821837?
False
Is 168742 a multiple of 238?
True
Does 15 divide 38445?
True
Does 2 divide 1030802?
True
Is 900 a factor of 179088?
False
Is 63932 a multiple of 140?
False
Is 19 a factor of 30743?
False
Is 54 a factor of 11336272?
False
Is 29 a factor of 149375?
False
Is 277041 a multiple of 8?
False
Is 2727632 a multiple of 751?
True
Is 1809448 a multiple of 216?
False
Is 1368187 a multiple of 305?
False
Is 384 a factor of 410880?
True
Does 8 divide 27849?
False
Does 10 divide 30580?
True
Is 747144 a multiple of 216?
True
Does 458 divide 641658?
True
Is 1916986 a multiple of 1654?
True
Is 44039 a multiple of 6?
False
Is 16 a factor of 4160?
True
Is 47498 a multiple of 127?
True
Does 12 divide 5947548?
True
Is 68 a factor of 672724?
True
Is 2463615 a multiple of 9?
True
Is 147236 a multiple of 299?
False
Does 19 divide 6391?
False
Is 927577 a multiple of 147?
False
Is 1301188 a multiple of 60?
False
Is 176 a factor of 103136?
True
Is 39 a factor of 108845?
False
Is 3240239 a multiple of 25?
False
Is 9885096 a multiple of 354?
True
Is 7 a factor of 1175937?
True
Is 5 a factor of 415180?
True
Is 48 a factor of 83136?
True
Is 113 a factor of 199897?
True
Is 239073 a multiple of 50?
False
Does 10 divide 10940?
True
Does 159 divide 860349?
True
Is 8 a factor of 909452?
False
Is 9 a factor of 101729?
False
Is 213 a factor of 35348628?
True
Does 4 divide 1752548?
True
Is 38 a factor of 2360978?
True
Is 123665 a multiple of 5?
True
Is 109 a factor of 6138075?
False
Is 320 a factor of 250335?
False
Does 10 divide 39407?
False
Does 158 divide 5352035?
False
Is 2932422 a multiple of 87?
True
Is 473 a factor of 2071267?
True
Is 321 a factor of 9600468?
True
Does 16 divide 245440?
True
Does 39 divide 7811?
False
Is 109566 a multiple of 551?
False
Is 5093790 a multiple of 6?
True
Is 113960 a multiple of 55?
True
Is 1139418 a multiple of 104?
False
Does 950 divide 4617280?
False
Does 179 divide 130133?
True
Does 10 divide 41460?
True
Is 41 a factor of 3857552?
False
Is 838 a factor of 2127618?
False
Is 47 a factor of 2216285?
True
Is 199922 a multiple of 19?
False
Does 1075 divide 2820329?
False
Does 589 divide 1762519?
False
Is 440544 a multiple of 24?
True
Is 753918 a multiple of 16?
False
Is 9 a factor of 40656?
False
Is 678926 a multiple of 6?
False
Is 51 a factor of 9561?
False
Is 246 a factor of 8597008?
False
Does 2344 divide 17782145?
False
Is 213 a factor of 1879154?
False
Does 1096 divide 1811688?
True
Is 1261248 a multiple of 64?
True
Is 615578 a multiple of 12?
False
Does 45 divide 3175020?
True
Does 12 divide 67524